 -7 - 8
-4
Evaluate -5 + 1 + 8 - 2.
2
Calculate (0 - 2 - 1) + (-24 - -23).
-4
What is the value of (-2 - -6) + (-3 - -9 - 4)?
6
What is the value of 7 + 1 + -8 - -7?
7
What is 4 - 5 - (-3 + 0 - -2)?
0
What is (108 - 117) + (-1 - -2)?
-8
What is -4 + 1 + (2 - -3) + 1?
3
3 + 5 + (-3 + -4 - -4)
5
Calculate (3 - -2) + -19 + 20.
6
Calculate -7 - (2 + -6) - (-1 + -4).
2
What is the value of 4 + (7 - 2) + 0 + -2?
7
Calculate 0 + (3 - 9) + (-29 - -26).
-9
Evaluate 0 - 4 - (-3 + -3) - 7.
-5
Calculate 12 - (-8 + 10 + 8).
2
Evaluate 9 - (7 + 0 - 1).
3
What is 2 - (4 + -2 + -3)?
3
Evaluate 5 - (-51 + 46 + (7 - 1)).
4
What is -10 + 4 + (10 - 5)?
-1
1 - 2 - (-2 - 2 - -2)
1
Evaluate -25 + 31 + 0 + -4.
2
Calculate -3 - (-5 - -6) - (5 + -2).
-7
-3 + 3 - (-1 - -3)
-2
Calculate -1 + (0 - 6) - (0 - 2).
-5
Evaluate -3 - (4 - (4 + 3)).
0
What is -2 - -2 - (3 + -6 + 4)?
-1
What is the value of 8 + -11 + -4 + 15?
8
What is the value of 4 - (3 + -6 + (1 - -6))?
0
Evaluate -4 + -2 + 6 - 4.
-4
Evaluate -2 - -1 - (20 + -28).
7
What is the value of 2 - (4 + (-1 - 7) + 2)?
4
Calculate -4 + (-6 - (0 + 2 + -11)).
-1
What is -11 - (-9 + 9 - 4)?
-7
What is 6 + (-7 - 8) + 4?
-5
What is the value of 4 + 0 + (0 + -2 - -2)?
4
6 - (-2 + 7 + (-4 - -2))
3
What is 0 - (1 - (-3 - (-2 - 1)))?
-1
-24 + 11 - -13 - (-3 + 1)
2
What is the value of -4 + (8 + -7 - -13)?
10
(-2 - (-10 - -4) - -5) + -4
5
-15 + (-3 - (7 + -22)) + -6
-9
What is 6 - (8 - 12 - (-1 + -2))?
7
Evaluate 1 + 11 + -6 + 3 + -9.
0
What is (-4 - (4 + -4)) + -1 + 6?
1
Evaluate (-3 + 5 - 10) + 2 + 2.
-4
Evaluate -3 + -6 + -2 + 2 + 5.
-4
Evaluate -2 + -1 - (0 + -7 + 1).
3
Calculate 5 + -3 + -3 + 0 + -3.
-4
(26 - 21) + (-3 - 1)
1
Calculate -7 - ((16 - 10) + -19).
6
3 + (-7 - 3 - -3 - 0)
-4
What is the value of (-2 + 7 - -1) + -12 + 7?
1
Calculate -8 + -4 + 6 + 1.
-5
What is (42 - 36) + -2 + 2?
6
5 + (6 + (1 - 3) - 5)
4
What is the value of 16 + (-1 - 7) + 0 + -3?
5
Evaluate (5 + -1 - 10) + 1.
-5
2 - (3 + -6 - 4)
9
7 + 6 + -4 + 0 + -3
6
Calculate 3 - -13 - 6 - (1 + 1).
8
What is 0 - -2 - (2 + -9 + 3)?
6
What is 5 + -4 + -4 + 0 + -1?
-4
What is (-1 - (5 + 6)) + 3?
-9
What is 2 + -3 - (61 - 59)?
-3
Evaluate -3 + 2 + -1 + (-67 - -61).
-8
Calculate 1 + -4 + (26 - 19) + -5.
-1
7 + -7 - (4 + -1)
-3
What is 4 + 3 + -10 + -4?
-7
What is 7 + 3 + (-5 - -2)?
7
What is the value of 0 + (-1 - (4 - 4 - 4))?
3
(38 - 46) + (0 - -12)
4
What is the value of 7 - (-2 - 0) - 5?
4
-4 + (4 - (-1 - 0))
1
What is the value of 0 + 0 - (5 - (1 - -1))?
-3
What is the value of 40 + -22 - (9 + 2)?
7
What is the value of -10 + 7 + 2 + 9?
8
Evaluate 5 + (3 - 12 - 0).
-4
-5 - (4 + -4 + 5 + -13)
3
Evaluate 2 + -5 + 3 - 2.
-2
What is the value of -12 + (8 - 2) + 0 + 3?
-3
Evaluate 0 - (3 + -6 - -5).
-2
Calculate -1 + -8 - (-139 + 135).
-5
What is the value of 2 + (7 - 5 - 8) - -5?
1
14 - 5 - (0 + (6 - 1))
4
Calculate -1 + (-1 - (-3 - (-2 + 3))).
2
What is the value of 0 + -9 + 2 + 11?
4
What is the value of -36 - -35 - (-1 - (1 + 0))?
1
Calculate 7 - 4 - (1 - 3).
5
What is 1 + 1 + 1 + -2?
1
What is (4 - (6 - 3)) + 0?
1
What is the value of 1 + -4 + 1 - 0?
-2
What is -1 - -5 - (-10 - (-8 - 3))?
3
What is 0 + 5 - (1 + 6)?
-2
(-5 - -1) + 4 + -3
-3
Calculate 29 + -17 + -3 + -5.
4
What is the value of (-4 - 1) + -1 + (9 - -3)?
6
Evaluate -4 + 5 + -5 - -5.
1
What is -13 + -4 + 13 + -3?
-7
Evaluate -4 + -4 + (1 - -1) + 4.
-2
What is the value of -2 - (6 + -4 + -2)?
-2
3 + 0 + (-7 - (1 + -7))
2
What is 1 + (-2 - 2 - 0)?
-3
Calculate -46 + 59 - (-2 - -15).
0
Calculate -1 + -1 + (-2 - -1) + 2.
-1
What is the value of 8 + (-1 - 9) + 4 - 4?
-2
Calculate -4 + (-12 - -8 - (-1 + -10)).
3
What is -12 + 5 - (0 - (2 - -3))?
-2
Calculate (16 - 2) + -6 + -3.
5
Evaluate (-2 - (3 - 3)) + (10 - 18).
-10
What is (-11 - -13) + (-5 - (2 + -1))?
-4
Calculate 4 + 7 - 3 - 3.
5
Evaluate 4 - 8 - (-13 - -3).
6
Calculate -4 - (-2 - 0 - (-2 + 2)).
-2
Evaluate (-4 - -17) + (-2 - 10).
1
What is (1 + -3 - (-24 + 19)) + -3?
0
Evaluate 5 - 4 - 0 - (3 + -1).
-1
4 - -3 - -1 - 4
4
Calculate -1 + (3 - 1) - (3 + -1).
-1
What is the value of -67 + 55 + (11 - 2)?
-3
Evaluate 17 + -7 + 5 + -3 - 5.
7
What is -3 + -3 + -3 + 1 + 4?
-4
-4 + (3 - 9) + 4
-6
Evaluate -16 - (-5 + -3) - -5.
-3
Evaluate (1 - -7) + -3 + 0 + -9.
-4
What is -32 + 24 + (6 - 0)?
-2
What is (2 + -1 - (-8 - -5)) + -3?
1
Evaluate -13 + (4 - (7 + -14)).
-2
What is the value of 10 - (-1 + 2) - (-17 - -23)?
3
Calculate 12 - 5 - ((8 - 5) + -6).
10
What is -2 + -2 + 1 + 1?
-2
2 - 2 - (2 - (0 - -11))
9
4 - (2 - 9 - -13)
-2
Evaluate (-2 - 1) + 1 - 0.
-2
What is -3 + -7 + (-4 - -16)?
2
What is -3 + -7 + 9 + (3 - -1)?
3
Calculate -6 - (-7 + (-3 - -12)) - -2.
-6
2 - ((8 - 6) + 4 - -1)
-5
(-2 - (20 + -20)) + -1 + -3
-6
What is the value of 15 - (-5 + 22) - (7 + 0)?
-9
Calculate -5 + 1 + 5 + (-10 - -5).
-4
Calculate -3 + 2 - (-6 - -3).
2
What is -13 + (-5 - -13) - (-2 - -2)?
-5
Evaluate 2 - 0 - (-14 + 11).
5
What is the value of (-1 - (1 - 1)) + 1 - 0?
0
Evaluate -1 + -1 + (-7 - -2).
-7
What is the value of (2 - (6 - -8)) + 8?
-4
What is the value of 7 + 1 - (-11 + 1 - -17)?
1
Evaluate 1 + -8 + (-4 + 11 - 4).
-4
Evaluate -1 + 0 - (-2 + -1).
2
What is 6 - (19 + -16 - (0 + 3))?
6
Evaluate 3 - (0 - (3 - 8)) - 4.
-6
Calculate (2 - 3) + 10 + -7 - -3.
5
Evaluate 7 - (3 + -6 + 15).
-5
(0 - (-7 - -3 - -4)) + 3
3
What is -2 - (1 + -3) - -3?
3
Evaluate 0 - (2 + -1 + -1).
0
Calculate 0 - (2 - (2 - 4)) - -8.
4
-8 - 0 - (122 - 124)
-6
Calculate (1 - 3) + (-12 - -11).
-3
Calculate -2 + -5 + (2 - -3) + -1.
-3
What is -4 - (3 - 5) - -3?
1
(-10 - -7) + 3 - -4
4
What is the value of -2 + 7 - (-6 + (5 - -1))?
5
Calculate -5 + 15 + 0 + -4.
6
Evaluate -1 - -13 - (14 - (9 - 0)).
7
Evaluate 6 - -1 - (-18 - -21).
4
Calculate -19 - -22 - (3 - 1 - -4).
-3
What is -12 - -18 - (22 + 0) - -9?
-7
6 - 3 - (-6 + 10)
-1
Evaluate -2 + 0 - ((-6 - -13) + -9).
0
(1 + -1 - 1) + 15 + -9
5
Calculate -36 + 27 + (4 + -4 - -8).
-1
Calculate 6 - (-8 - -13) - 0.
1
Calculate -2 + -2 - (6 - 8).
-2
What is the value of (0 - 2) + (4 - 1)?
1
What is (-1 - 1) + 3 - (2 + 1)?
-2
What is 5 + (9 - (-6 + 26))?
-6
What is (1 - -5) + (4 - 4 - 3)?
3
Calculate -6 - -3 - (-2 + -4).
3
Calculate -2 + (6 - (0 - -4)).
0
What is -2 - 2 - (-6 - (-3 + 2))?
1
Calculate 0 + 7 - 18 - -7.
-4
(-7 - -2) + 5 + -3
-3
-3 - (-1 + 1) - (-77 + 77)
-3
Evaluate 5 + (9 + -8 - (0 - -1)).
5
What is the value of 5 + -4 + -1 - (-2 - 1)?
3
What is -1 + -10 + 11 + 11 + -18?
-7
Calculate (-7 - -12 - 1) + -3.
1
What is 1 - (10 + -1) - -3?
-5
Calculate 1 - (6 + -4 + 2).
-3
Calculate 3 + (-3 - (2 - (-7 - -5))).
-4
Calculate 2 - ((-3 + -3 - -5) + 5).
-2
16 + -15 + -1 + (-1 - 2)
-3
Evaluate -9 + 15 + -14 + -2.
-10
What is the value of 11 + 2 + -10 + 0?
3
Evaluate 2 + 3 + 2 + -7.
0
Evaluate 7 - (17 + (-7 - 4)).
1
What is the value of 12 + (-10 - -4 - 0)?
6
Calculate 2 + 2 + 1 + -6.
-1
Evaluate -19 - -21 - (-1 + 1).
2
-2 + 3 + (-17 - -22)
6
What is the value of 4 - (-2 - -3) - 3 - 0?
0
What is the value of 2 + 0 - ((-2 - -8) + 1)?
-5
What is the value of -3 + 0 + 3 - (6 + -4)?
-2
What is the value of (6 - 15) + (15 - (-4 + 9))?
1
What is the value of (10 - (8 + 9)) + -1?
-8
What is 20 + -17 - (0 + 3) - -1?
1
Evaluate 42 - 36 - ((-2 - 0) + 8).
0
What is 1 + -1 + (-46 - -45)?
-1
What is the value of 12 - (2 - -6) - (-3 - 0)?
7
Calculate 4 + (2 - -3) + -7 + 7.
9
What is 12 - 5 - ((-5 - -6) + 8)?
-2
Calculate (-1 - (1 + -4)) + 2 + 0.
4
-2 + (-8 - -4 - -1)
-5
Evaluate 3 - (-4 + (0 + 5 - -1)).
1
(3 - 3 - -5) + (-4 - -2)
3
What is the value of (-8 - 4) + 11 - 1?
-2
Evaluate 14 + -9 + -2 + 4.
7
Evaluate (6 - 4 - 8) + 6.
0
What is 0 - -1 - (10 - (2 - -8))?
1
Evaluate -1 + 0 + (3 + -1 - 6).
-5
What is the value of 100 + -105 + 0 + -1?
-6
What is 2 - ((-3 - -3) + 4)?
-2
Calculate 0 + -2 + (20 - 14).
4
Calculate (0 - (-2 - 2)) + -9.
-5
Calculate -3 - (3 + -14 + 5).
3
Evaluate (4 - 14) + (13 - 7) + 0.
-4
Evaluate 8 + (-2 - (3 + -1)).
4
Evaluate 5 + 1 + 0 + 1 + -2.
5
Evaluate 2 + -1 + -1 + 4.
4
Calculate 0 + -12 + 1 + 2 + 7.
-2
What is the value of 1 + (-29 - -29) + (0 - -4)?
5
Calculate 4 - 3 - 4 - (-7 - 1).
5
Evaluate -9 + 1 + 5 - 4 - -5.
-2
0 - (3 + -7 - 0)
4
What is (5 - (5 + -9 + 4)) + -14?
-9
Calculate -4 + 4 - (-5 - -1) - 2.
2
-3 - (4 - 2 - (6 + 1))
2
